 3*k - 4*d = o, -3*k + 666 = 2*k + 3*d. What is the highest common divisor of f and k?
15
Suppose -l + 4*l = 7*l. Suppose l = -w + 39 + 49. What is the highest common divisor of w and 11?
11
Suppose 833 + 1917 = 11*q. Suppose -3*p - q = -5*p. Calculate the highest common factor of p and 25.
25
Suppose y + 55 = 65. Let r(s) = 3*s**3 - 3*s**2 - 3*s - 1. Let b be r(3). Suppose -m + b = -66. Calculate the greatest common factor of m and y.
10
Let v be 3*((-35)/(-21) - -12). Suppose 4*k - 4*o = 156, -2*k + 76 = -0*k - 3*o. Calculate the highest common divisor of v and k.
41
Suppose 0 = -0*k - 3*k + 27. Suppose 5*g = -2*t - 1, -4*t + 2*g = g - k. Let u = 29 - 21. Calculate the highest common factor of t and u.
2
Suppose -15 = 2*g - 0*g + 3*d, -30 = g - 3*d. Let u be 183/9 + 5/g. Let h = 21 - u. What is the highest common factor of 1 and h?
1
Let o be 41 + (0 - ((-2 - -1) + 2)). Calculate the highest common factor of 100 and o.
20
Let y = 554 - 214. What is the highest common factor of y and 20?
20
Let y be -1 - 1 - (-16 + (-77)/11). What is the greatest common factor of y and 2?
1
Let u(b) = -b**3 + 12*b**2 + b - 8. Let v be u(12). Suppose v*q - 50 = 54. Calculate the greatest common factor of 65 and q.
13
Let j be 0 + 6 - (-2550)/25. Let s = -29 - -41. What is the highest common divisor of s and j?
12
Suppose -5*n + 4*k + 241 = -44, 4*k = -5*n + 285. Calculate the highest common divisor of 627 and n.
57
Let c(v) = v**3 + 19*v**2 + 17*v. Let w = -1 + -17. Let t be c(w). What is the highest common factor of t and 18?
18
Suppose 4*d - 3*p = -9, 3*d + p + 3 - 6 = 0. Suppose d = 3*a + 4*j - 15, 0*a + 2*a - 15 = -j. Calculate the greatest common divisor of 45 and a.
9
Let f = -118 + 163. Calculate the highest common factor of 45 and f.
45
Suppose 4*b - 128 = -5*a + 563, 0 = -4*a + 4*b + 524. What is the greatest common divisor of a and 27?
27
Let l = -115 - -190. Let p = l - -51. Suppose 8*k + p = 10*k. Calculate the greatest common factor of k and 7.
7
Let p = -130 - -137. What is the greatest common divisor of p and 1?
1
Let q = -28 + 93. Suppose -l + q = 4*l. Let a = -52 - -91. What is the greatest common divisor of l and a?
13
Let k be 2/((-146)/(-72) - 2). Let l = -25716 + 25764. Calculate the highest common divisor of l and k.
24
Let y(k) = k**2 + 7*k - 38. Let t be y(-11). Suppose 3*q = 57 - t. Calculate the greatest common divisor of q and 1.
1
Let j(v) = -v + 8. Let z be j(-13). Suppose 0*k + 6 = 2*k - 4*a, -5*a + 31 = 3*k. Calculate the highest common divisor of z and k.
7
Let c be 2 - (2 + (-8 - -4)). Let w(a) = a**3 - 2*a**2 - 6*a + 2. Let x be w(c). Calculate the highest common divisor of x and 40.
10
Let p = -657 - -2115. Calculate the greatest common factor of p and 108.
54
Suppose 7*a - 155 = 181. Let s = 128 - a. Let v = -6 - -22. Calculate the highest common divisor of v and s.
16
Suppose 0 = -22*l + 2703 + 3567. Calculate the greatest common factor of l and 15.
15
Let o be (91/13)/(9/(-6) + 2). Calculate the greatest common divisor of 826 and o.
14
Suppose 4*j - 3*g - 830 = 0, -5*j - 4*g = g - 1020. Suppose -3*d + j + 10 = 0. Suppose d = 12*i - 11*i. What is the highest common divisor of i and 8?
8
Let y(p) = 2*p**2 + 35*p + 50. Let i be y(-16). What is the greatest common divisor of 32 and i?
2
Let m = -305 - -349. Calculate the highest common factor of 77 and m.
11
Let s(y) = y**3 + 6*y**2 - 3*y - 3. Let v = -19 - -13. Let c be s(v). Let k = -11696 + 11801. What is the highest common divisor of c and k?
15
Suppose -3*k = 4*r - 873, 1679*r - 1680*r + k = -213. Let b(o) = -23*o**3 + o**2. Let i be b(-1). Calculate the greatest common divisor of i and r.
24
Suppose 408 = 4*c - 132. Let l be 208/(-3)*33/(-11). Let q be (l/4)/4 + 2. Calculate the highest common factor of c and q.
15
Suppose -2*y = 5*x - 2035, -13*x - 5*y - 1595 = -17*x. Calculate the highest common divisor of x and 36.
9
Suppose 0 = -3*y + 9*u - 4*u + 184, 3*u - 255 = -4*y. What is the highest common divisor of 42 and y?
21
Suppose -74*m + 351 = -71*m. Let k = 0 + 9. What is the highest common factor of k and m?
9
Let f be ((-9)/(-12) + -4)/(3/(-552)). Let l = f - 416. What is the highest common divisor of 26 and l?
26
Let b be 8*(-32 - -42)/(10/4). What is the greatest common factor of 256 and b?
32
Let b = -48 + 71. Suppose -c + 38 = 3*y - 6*y, -5*y = 25. Calculate the greatest common divisor of b and c.
23
Let y(a) = 17*a - 378. Let r be y(45). Calculate the greatest common divisor of r and 27.
9
Let x be (134/3)/(16/(-48)) + 4. Let g = -98 - x. What is the highest common factor of 4 and g?
4
Let c be (-66)/(-6) - (-4)/1. Let k be c/((-15)/10*-1). Calculate the greatest common divisor of 2 and k.
2
Let a(g) = -3*g - 3*g + 3*g - g. Let i(j) = j. Let v(b) = -2*a(b) - 6*i(b). Let r be v(1). What is the highest common factor of r and 8?
2
Let i = -203 + 318. Calculate the highest common divisor of i and 46.
23
Let j be (1 + 62*3)/(2/8). Calculate the highest common divisor of 68 and j.
68
Let m(x) = x**3 - 11*x**2 - 26*x + 10. Suppose 4*z - 19 = 33. Let u be m(z). What is the highest common factor of 5 and u?
5
Suppose 4*a - 6*a + 588 = -4*p, -p - 1515 = -5*a. Calculate the highest common factor of a and 38.
38
Let d = -35 - -37. Suppose -o = -156 + d. Calculate the highest common factor of 22 and o.
22
Let q = -145 - -167. Let k be 55/2*(-12)/(-5). What is the greatest common factor of q and k?
22
Suppose 68*m = 110*m - 882. Let n be 36/5*(1 - -69). Suppose 3*x - n = -0*x. What is the greatest common factor of m and x?
21
Let k be (7/(-21))/((-1)/33). Let r be (-10)/55 + 24/k. Suppose -r*m + 3*v - 1 = -5, 5*m - 10 = v. Calculate the greatest common divisor of m and 5.
1
Suppose -19*c + 14 = -5. Calculate the highest common factor of c and 7.
1
Let q(j) = 4*j + 29. Let f be q(-14). Let d = f + 44. Calculate the greatest common divisor of d and 17.
17
Let s be ((-1804)/(-18) - 2/9)/1. Calculate the highest common divisor of s and 125.
25
Suppose 1393 = -5*v + 1498. Suppose -5*t + 300 = -t. Let w = -33 + t. What is the greatest common factor of v and w?
21
Let b = -417 - -437. Let o be (0 - 0) + 90*2. Calculate the greatest common divisor of o and b.
20
Suppose 0 = 326*z - 331*z + 105. Calculate the greatest common factor of 588 and z.
21
Suppose 3*y - 9 = 3. Suppose q = -5*i - 2, 0 = q + y*i + 3 - 2. Let p = 75 + -51. What is the highest common factor of p and q?
3
Let h(d) = 14*d + 22. Let s be h(13). Suppose 0*f + s = i + 4*f, -i + 4*f + 244 = 0. Calculate the highest common factor of i and 32.
32
Let o(b) = 54*b + 518. Let u be o(-7). Calculate the greatest common factor of 60 and u.
20
Let q(l) be the first derivative of -l**2/2 + 15*l + 6. Let s be q(6). Suppose -5*g = -4*g - 81. What is the greatest common divisor of g and s?
9
Suppose 0 = 7*z - 4*z - 15. Suppose -s - 40 = -z*s. Calculate the highest common divisor of s and 80.
10
Let z be (1 + -2)*57*2. Let n(u) = -2*u**2 - 2*u + 6. Let w be n(6). Let c = w - z. Calculate the highest common divisor of 9 and c.
9
Let n = 72 - 76. Let a = 52 + n. What is the highest common divisor of a and 64?
16
Let o(j) = j - 1. Let t(m) = -8*m - 4. Let p(r) = 2*o(r) + t(r). Let y be p(-7). What is the greatest common divisor of y and 4?
4
Let y be 46/598 + (-33188)/(-13). What is the greatest common divisor of 111 and y?
111
Let j(f) be the third derivative of 7*f**4/6 - f**3/3 + 18*f**2. Let o be j(1). What is the highest common factor of o and 182?
26
Let t(f) = -4*f**3 + f. Let c be t(-1). Suppose 91 = 5*o - 134. Suppose -m - 149 = -c*h, -5*m = h - 2*h + o. What is the highest common divisor of h and 20?
10
Suppose -5*p + 5*x = -1065, -13*x + 825 = 4*p - 8*x. Calculate the greatest common factor of p and 525.
105
Let k = 33 + -22. Let d be 2/1*(-78)/(-12). Suppose -d = 3*q - 46. What is the greatest common factor of k and q?
11
Let q = 37 - 25. Suppose -8 = 5*g - 28. Let v be -1 + (2 - (g - 6)). What is the highest common divisor of q and v?
3
Let p be -5 + (1 + 181 - (-21 - -23)). Suppose -2*n + 26 = -24. What is the highest common factor of p and n?
25
Suppose -5*h + 6*m + 106 - 78 = 0, -2*h + m + 7 = 0. Suppose 2*j - 10 = -5*c, -5*c - 4*j = -7 - 3. Calculate the greatest common factor of c and h.
2
Suppose 4*y = -8, 3*m +